base 5) to base 11.
-a
2 (base 7) to base 13
2
-4 (base 9) to base 14
-4
-31 (base 6) to base 16
-13
What is -3 (base 10) in base 14?
-3
What is -1 (base 11) in base 7?
-1
What is -1 (base 15) in base 11?
-1
-43 (base 7) to base 13
-25
-143 (base 6) to base 5
-223
Convert -74 (base 16) to base 12.
-98
Convert -11110 (base 2) to base 10.
-30
-64 (base 8) to base 13
-40
What is 362 (base 8) in base 10?
242
0 (base 8) to base 12
0
What is 3 (base 10) in base 2?
11
What is 22001 (base 3) in base 6?
1001
What is 7 (base 8) in base 16?
7
What is -200 (base 3) in base 16?
-12
Convert -2 (base 12) to base 16.
-2
Convert 404 (base 9) to base 15.
16d
What is 2220 (base 3) in base 15?
53
242 (base 5) to base 12
60
Convert 15 (base 7) to base 15.
c
Convert 20 (base 13) to base 3.
222
What is 3 (base 8) in base 3?
10
-4 (base 14) to base 11
-4
Convert 5 (base 10) to base 9.
5
What is -25 (base 14) in base 16?
-21
Convert -5 (base 11) to base 6.
-5
-12 (base 11) to base 16
-d
4 (base 9) to base 11
4
Convert 3 (base 5) to base 11.
3
21120 (base 3) to base 16
cc
422 (base 7) to base 16
d4
-10 (base 2) to base 11
-2
What is -16 (base 13) in base 5?
-34
Convert -6 (base 16) to base 15.
-6
What is 11111 (base 2) in base 5?
111
-2 (base 8) to base 14
-2
What is -111 (base 12) in base 2?
-10011101
276 (base 8) to base 11
163
Convert 16 (base 10) to base 13.
13
200 (base 7) to base 12
82
-e (base 15) to base 5
-24
What is -28 (base 14) in base 11?
-33
Convert 4 (base 10) to base 16.
4
-bc (base 13) to base 4
-2123
What is 46 (base 13) in base 5?
213
What is 45 (base 13) in base 5?
212
What is 121 (base 3) in base 7?
22
-10 (base 3) to base 9
-3
154 (base 6) to base 2
1000110
-2 (base 4) to base 10
-2
What is -15 (base 11) in base 5?
-31
What is -18 (base 11) in base 9?
-21
Convert 7 (base 12) to base 6.
11
Convert 68 (base 13) to base 3.
10012
What is -13 (base 15) in base 12?
-16
What is 275 (base 8) in base 11?
162
-5 (base 12) to base 11
-5
0 (base 13) to base 4
0
What is -3e (base 16) in base 12?
-52
-7c (base 16) to base 4
-1330
-56 (base 14) to base 9
-84
What is 4 (base 7) in base 8?
4
Convert 7b (base 14) to base 2.
1101101
Convert -12 (base 15) to base 6.
-25
Convert -1110 (base 2) to base 3.
-112
What is -8 (base 15) in base 6?
-12
0 (base 5) to base 8
0
-5 (base 10) to base 6
-5
Convert 139 (base 12) to base 14.
d7
Convert 185 (base 10) to base 16.
b9
Convert 22 (base 3) to base 16.
8
What is 8 (base 15) in base 3?
22
Convert 10020 (base 3) to base 4.
1113
-2 (base 5) to base 16
-2
What is 350 (base 6) in base 5?
1023
What is 10010 (base 2) in base 8?
22
Convert -231 (base 12) to base 7.
-643
Convert 29 (base 10) to base 8.
35
What is -36 (base 14) in base 11?
-44
What is 1 (base 14) in base 2?
1
What is 2 (base 5) in base 6?
2
-46 (base 9) to base 11
-39
What is -b5 (base 12) in base 7?
-254
Convert 204 (base 5) to base 6.
130
3 (base 12) to base 9
3
What is -21 (base 4) in base 7?
-12
Convert -10 (base 15) to base 11.
-14
Convert 12 (base 12) to base 2.
1110
-1 (base 2) to base 16
-1
7 (base 12) to base 2
111
-62 (base 12) to base 8
-112
What is -1 (base 14) in base 4?
-1
What is -1 (base 7) in base 5?
-1
What is 14 (base 5) in base 6?
13
What is -10 (base 3) in base 10?
-3
What is 7 (base 8) in base 4?
13
333 (base 7) to base 4
2223
What is -345 (base 8) in base 13?
-148
What is -21 (base 13) in base 4?
-123
-30 (base 14) to base 16
-2a
Convert -205 (base 9) to base 14.
-bd
7 (base 10) to base 12
7
What is 0 (base 4) in base 8?
0
Convert -6 (base 10) to base 11.
-6
What is -58 (base 10) in base 3?
-2011
6 (base 12) to base 13
6
Convert -2 (base 13) to base 4.
-2
What is -1101 (base 3) in base 10?
-37
Convert 258 (base 10) to base 12.
196
What is 7 (base 13) in base 11?
7
Convert -1110 (base 2) to base 16.
-e
-3a (base 16) to base 8
-72
-1102 (base 3) to base 14
-2a
Convert -100 (base 2) to base 15.
-4
3 (base 15) to base 8
3
-5 (base 9) to base 12
-5
-284 (base 9) to base 3
-22211
-3 (base 11) to base 4
-3
What is -30 (base 6) in base 12?
-16
What is 2 (base 5) in base 3?
2
Convert 10 (base 14) to base 3.
112
Convert 20 (base 6) to base 15.
c
-b (base 15) to base 2
-1011
What is -30 (base 13) in base 6?
-103
What is 1011011 (base 2) in base 10?
91
-1 (base 14) to base 7
-1
-db (base 16) to base 3
-22010
Convert 1100011 (base 2) to base 15.
69
Convert -8 (base 12) to base 6.
-12
Convert 0 (base 10) to base 13.
0
What is -3 (base 11) in base 5?
-3
Convert 113 (base 5) to base 11.
30
What is -101 (base 3) in base 14?
-a
-31 (base 4) to base 3
-111
Convert 15 (base 8) to base 6.
21
What is 43 (base 11) in base 6?
115
What is 140 (base 6) in base 4?
330
135 (base 6) to base 2
111011
Convert 45 (base 8) to base 14.
29
What is 6 (base 15) in base 8?
6
Convert 2 (base 4) to base 16.
2
Convert 36 (base 13) to base 8.
55
Convert -a3 (base 15) to base 12.
-109
Convert 13 (base 7) to base 8.
12
Convert -2 (base 11) to base 13.
-2
What is -11 (base 2) in base 11?
-3
Convert -3 (base 9) to base 8.
-3
Convert -2 (base 14) to base 16.
-2
What is 8 (base 12) in base 6?
12
Convert 234 (base 9) to base 6.
521
Convert -1 (base 3) to base 15.
-1
What is -103 (base 7) in base 9?
-57
0 (base 2) to base 12
0
What is 27 (base 8) in base 2?
10111
What is -19 (base 14) in base 11?
-21
-11000 (base 2) to base 12
-20
Convert -33 (base 5) to base 13.
-15
What is -465 (base 7) in base 5?
-1433
What is -1003 (base 4) in base 7?
-124
Convert -1 (base 2) to base 13.
-1
What is 400 (base 5) in base 14?
72
What is -213 (base 5) in base 13?
-46
What is 0 (base 9) in base 11?
0
-5 (base 11) to base 2
-101
-12 (base 5) to base 3
-21
What is -6 (base 15) in base 4?
-12
Convert -4 (base 10) to base 5.
-4
What is 0 (base 14) in base 11?
0
-1 (base 16) to base 5
-1
Convert -25 (base 10) to base 7.
-34
What is 1 (base 2) in base 11?
1
What is 173 (base 14) in base 10?
297
Convert 2 (base 15) to base 7.
2
30 (base 8) to base 6
40
-1c (base 13) to base 15
-1a
37 (base 14) to base 16
31
Convert 8 (base 11) to base 13.
8
Convert -11 (base 5) to base 16.
-6
Convert -214 (base 5) to base 9.
-65
Convert -2201 (base 4) to base 7.
-320
What is -135 (base 10) in base 2?
-10000111
Convert 2121 (base 3) to base 14.
50
-21 (base 5) to base 11
-10
Convert 4 (base 16) to base 6.
4
-1211 (base 3) to base 13
-3a
Convert 5 (base 13) to base 15.
5
Convert -20 (base 3) to base 9.
-6
Convert 35 (base 12) to base 8.
51
110 (base 3) to base 9
13
Convert 11 (base 7) to base 15.
8
232 (base 4) to base 8
56
What is -8 (base 15) in base 14?
-8
-3 (base 4) to base 2
-11
-11 (base 4) to base 10
-5
What is -122 (base 8) in base 6?
-214
What is -2 (base 10) in base 7?
-2
118 (base 10) to base 16
76
What is 1100 (base 2) in base 8?
14
What is 40 (base 9) in base 14?
28
-19 (base 15) to base 3
-220
What is -10 (base 2) in base 13?
-2
70 (base 12) to base 3
10010
-14 (base 6) to base 8
-12
What is -115 (base 9) in base 3?
-10112
-10 (base 4) to base 12
-4
What is -190 (base 11) in base 5?
-1340
Convert 265 (base 7) to base 14.
a5
What is -44 (base 10) in base 5?
-134
What is -3 (base 4) in base 11?
-3
Convert 201 (base 3) to base 14.
15
Convert 10 (base 16) to base 10.
16
29 (base 11) to base 12
27
-68 (base 10) to base 2
-1000100
-5 (base 8) to base 5
-10
Convert -1 (base 13) to base 7.
-1
11 (base 2) to base 9
3
1 (base 14) to base 8
1
What is 1 (base 12) in base 2?
1
-111 (base 2) to base 15
-7
1 (base 5) to base 4
1
What is 100 (base 4) in base 5?
31
Convert -5 (base 7) to base 12.
-5
What is 122 (base 9) in base 12?
85
Convert -8 (base 9) to base 15.
-8
Convert a4 (base 15) to base 12.
10a
-11 (base 12) to base 6
-21
Convert -122 (base 12) to base 2.
-10101010
Convert -21 (base 7) to base 15.
-10
Convert 15 (base 16) to base 6.
33
Convert 3a (base 13) to base 14.
37
-1 (base 15) to base 7
-1
What is -56 (base 9) in base 3?
-1220
What is 46 (base 15) in base 13?
51
What is 324 (base 7) in base 10?
165
-8 (base 15) to base 2
-1000
Convert -345 (base 8) to base 12.
-171
What is -10210 (base 3) in base 6?
-250
What is -37 (base 16) in base 5?
-210
Convert -139 (base 10) to base 8.
-213
100222 (base 3) to base 11
225
50 (base 15) to base 8
113
Convert -2 (base 3) to base 16.
-2
-25 (base 10) to base 7
-34
Convert 10 (base 